be -2 + (22 - (-2 - i)). What is the greatest common factor of j and r?
21
Let b(t) = t + 3. Let z be b(2). Suppose i = 2*w + 2*w + 36, z*w = -i + 18. Suppose 0 = f - 0*f - 14. What is the highest common divisor of f and i?
14
Let h(c) = -2*c**3 - 13*c**2 + 9*c + 1. Let w be h(-8). Calculate the greatest common factor of 22 and w.
11
Suppose 4*s - 10 = -s. Let c = 71 - s. What is the highest common factor of 46 and c?
23
Let d(f) = -f**3 + 47. Let v be d(0). Suppose -k + v = 3*o + 14, 126 = 5*k + 2*o. Let q = 2 - -1. Calculate the greatest common factor of q and k.
3
Suppose 0 = 3*u - 17 - 7. What is the greatest common divisor of 72 and u?
8
Let t(i) = -2*i + 104. Let n be t(0). Calculate the highest common factor of n and 8.
8
Let c be (-2)/4*(2 - 8). Let z be (-3)/9 - (-145)/c. Let m be 1/3 - (-490)/42. Calculate the highest common divisor of m and z.
12
Let a be (3 - 6)*(-14)/3. Calculate the greatest common divisor of a and 126.
14
Suppose -4*k + 11 = 3. Let s be k/8 + (-329)/(-28). Let n be 2/(-2)*-109 + -1. Calculate the highest common divisor of n and s.
12
Let m(w) be the first derivative of w**4/4 + w**3/3 - 3*w + 2. Let f be m(0). Let o be ((-10)/(-3))/(f/(-36)). What is the greatest common factor of o and 5?
5
Let s be (-12)/7 + 4/(-14). Let q be 0 + 8/s*-1. What is the highest common factor of 36 and q?
4
Let y = -1 + 4. Let h be 11/y*3*22. Calculate the highest common factor of h and 22.
22
Let s = 5 - 2. Let i(g) be the first derivative of g**2 - 3. Let z be i(s). Calculate the greatest common divisor of z and 3.
3
Suppose w + 0*w = 30. Suppose 2 = -4*n - 2, -2*a = -n - 3. Let f = a - -11. Calculate the highest common factor of w and f.
6
Suppose l + 5*l - 66 = 0. Calculate the greatest common factor of l and 11.
11
Suppose i = -4 + 8. Calculate the highest common divisor of i and 36.
4
Let c(w) = -w**2 + 3*w + 1. Let f be c(4). Let q(z) = z**2 + 5*z + 4. Let i be q(f). Let o be i/6 - 38/(-6). Calculate the greatest common divisor of 66 and o.
6
Let d be (-3)/(-2) - 75/(-6). Let i = -8 + d. What is the greatest common divisor of i and 60?
6
Let b(t) = -22*t - 2. Let q be (-4)/6*9/(-2). Let o be b(q). Let l be 10/(-15) - o/3. What is the greatest common factor of l and 2?
2
Let c be 37 + (-1)/(3/3). Suppose -d + c = 2*d. Let k be (-2)/(-5) + 658/5. What is the greatest common factor of k and d?
12
Let a be (-1 - -2) + -2 + 6. Suppose -3*y + 60 = y. What is the greatest common divisor of a and y?
5
Suppose -m - d = 0, 3*d - 1 = -m + 1. Let k be (-70)/8*(m - 3). Suppose -8*y + k = -3*y. Calculate the greatest common divisor of 63 and y.
7
Suppose -5*w = -w - 484. Let m = -41 + w. What is the greatest common factor of m and 10?
10
Let u be (3/(-2))/(6/(-8)). Let g = 3 - 0. Calculate the greatest common factor of g and u.
1
Let f(m) be the second derivative of -m**4/12 + 5*m**3/3 - m**2/2 + m. Let y be f(7). What is the greatest common factor of 4 and y?
4
Suppose -b + 49 = -61. What is the greatest common factor of b and 10?
10
Let m(d) = -d**3 - 6*d**2 + d + 8. Let b be m(-6). Let o be -2 + b - (-2)/2. Let g be o/(-2) - (-73)/2. Calculate the greatest common factor of 4 and g.
4
Let l be -17 + (-9)/(-3) + -2. Let p = -3 - l. What is the highest common factor of p and 39?
13
Let k be (2/(8/(-47)))/((-32)/256). Calculate the highest common factor of 141 and k.
47
Let h = 92 - 253. Let d be 1/(-5) - h/5. What is the highest common divisor of d and 256?
32
Suppose -2*w = -132 + 98. Calculate the highest common divisor of w and 17.
17
Suppose 4*z + 17 = 5*z. What is the highest common divisor of z and 17?
17
Suppose 3*m - 7*m + 12 = 0. Let x(w) = 27*w - 1. Let f be x(m). Let q = -4 + 14. What is the greatest common factor of q and f?
10
Suppose 0 = -b + 15 - 4. Calculate the greatest common factor of 77 and b.
11
Let y(c) = -c**2 + 13*c - 16. Let j be y(11). Suppose 0 = 4*f - 34 - 86. What is the greatest common divisor of j and f?
6
Let y(r) = -4*r**2 + 13*r - 5. Let w(t) = t**2. Let a(s) = 3*w(s) + y(s). Let k be a(5). What is the highest common divisor of k and 5?
5
Let t(f) = -2 + 6*f - 3 + 4*f**2 - 7*f**2 + 2*f**2. Let a be t(4). Suppose 4*s - 109 = a. What is the highest common divisor of s and 14?
14
Suppose 11*p - 6*p = -75. Let q = p + 23. Calculate the highest common factor of q and 40.
8
Let k = 22 - 4. Suppose -q - q = -6. Let d(x) = 5*x**3 - 3*x. Let t be d(q). What is the highest common divisor of k and t?
18
Suppose -2*o - 5*h = -328 + 2, -5*h - 885 = -5*o. Suppose -3*u + 6*u = -9, o = 2*r + 3*u. What is the highest common divisor of 13 and r?
13
Let r be (1 - (-4)/(-8))*14. Let z(d) = d**2 - 4*d + 4. Let i be z(-5). Calculate the greatest common factor of r and i.
7
Suppose 5 = -5*f - 2*a, 0 = -2*f + a + 3*a - 26. Let h be (4 + -10)/(1/f). What is the highest common divisor of 18 and h?
18
Let h = -5 + 13. Let i(f) = 2*f**2 - 9*f - 8. Let z be i(h). What is the greatest common divisor of z and 120?
24
Let q = 87 - 61. Suppose 0 = 6*y - 5*y - 8. Let f = q - y. What is the highest common factor of 144 and f?
18
Let c be (-6)/(-12) + (-22)/(-4). Let q be ((-8)/c)/(16/(-360)). What is the greatest common divisor of 6 and q?
6
Suppose 5*k - 23 = -r, -4*r = 7 + 1. What is the highest common divisor of 5 and k?
5
Suppose l = 3 + 93. Suppose 2*u - u + 50 = 4*h, 2*h - 2*u - 28 = 0. Calculate the highest common divisor of h and l.
12
Suppose -4*t - 4*x = -452, -5*t + 4*x = -0*t - 520. Calculate the greatest common factor of t and 24.
12
Suppose b = -s + 10, 22 = 4*b - 2*s - 0. Calculate the highest common divisor of 63 and b.
7
Suppose 4*a - 9 - 7 = 0. Suppose a*w + 28 = 68. Let n(t) = -t**3 - t**2 + 3*t + 1. Let z be n(-3). Calculate the greatest common factor of z and w.
10
Let i(x) = x**3 - 4*x**2 - 4. Let t be i(6). Calculate the highest common factor of t and 51.
17
Let y = 6 - 7. Let i be y - -2 - (-1 - 1). Suppose -i*w + 0 = -15. Calculate the greatest common factor of w and 25.
5
Suppose -2*l + 3*l = 0. Let b(r) = -r**3 + r + 8. Let j be b(l). Suppose 3 - 1 = 2*c. Calculate the highest common factor of j and c.
1
Let q = 97 - 65. Calculate the greatest common divisor of 256 and q.
32
Let n be 21/147 + 16/(-14). Let q be n*(-14)/(8/4). What is the highest common factor of q and 7?
7
Let d(r) = -r**3 - 4*r**2 + 5*r + 6. Let p be d(-5). Suppose -2*v - 24 = -p*v. Let b = -143 + 209. What is the highest common factor of b and v?
6
Let v be 12/18*(460 + 2). Calculate the highest common factor of 28 and v.
28
Let f(d) = -d**3 + 3*d**2 - 2*d + 3. Let g(n) = n + 6. Let p be g(-4). Let m be f(p). Calculate the highest common divisor of m and 12.
3
Suppose 8*p - 14*p = -108. What is the highest common divisor of p and 9?
9
Let l(w) = -2*w**3 + 11*w**2 + 6*w - 1. Let c be l(5). Calculate the highest common factor of c and 81.
27
Let g = 30 - 26. Calculate the greatest common factor of 44 and g.
4
Let j(s) = 55*s - 10. Let b be j(7). Suppose x - 189 + 65 = -2*n, 3*x + 3*n = b. What is the highest common factor of x and 14?
14
Let a = 227 - 62. What is the highest common divisor of 66 and a?
33
Let n = 28 - -14. Suppose 4*o - 105 = -f + n, 3*o - 735 = -5*f. Let r be ((-2)/(-4) - 4)*-6. What is the greatest common factor of r and f?
21
Let a = -220 + 429. Let n be 600/32 + (-2)/(-8). Calculate the greatest common factor of a and n.
19
Suppose 70 = 5*x - 305. What is the greatest common factor of x and 25?
25
Let i(h) = 2*h - 9. Let d be 4/2 + (5 - -4). Suppose 3*v - 2*v + 2*c = d, -3*c + 21 = 2*v. Let m be i(v). Calculate the greatest common factor of m and 36.
9
Let d = -50 + 170. What is the greatest common factor of d and 48?
24
Let t(r) = r**3 + 109. Let i be t(0). Let v = -49 + i. Calculate the highest common factor of v and 12.
12
Let a(i) = -6*i - 8. Let n be a(-6). Let j be (-33)/(-6) + (-2)/(-4). Let b be (-6*(-4)/j)/1. Calculate the greatest common divisor of n and b.
4
Let b(o) = -o**3 + 5*o**2 + 6*o + 3. Suppose -k + 0*k + 7 = r, 0 = 5*k - 4*r - 26. Let h be b(k). What is the greatest common divisor of 9 and h?
3
Let l(x) = -x**2 - x + 12. Let z = -13 - -13. Let v be l(z). Suppose 3*a = -0*a + 288. What is the highest common divisor of v and a?
12
Let k be 4/12 + 1054/6. Let c = k - 121. Suppose -8 - c = -3*z. Calculate 